culate the highest common factor of 3 and 164019.
3
Calculate the greatest common divisor of 15 and 10385700.
15
What is the greatest common factor of 325 and 290095?
65
What is the greatest common factor of 630594 and 9540?
954
What is the greatest common factor of 1070 and 74258?
214
Calculate the highest common factor of 1263199 and 3988.
997
What is the highest common factor of 828 and 47616?
12
Calculate the greatest common factor of 2235 and 756771.
447
Calculate the greatest common factor of 124990 and 10440.
290
What is the highest common divisor of 3590 and 46490?
10
What is the highest common divisor of 31479 and 2998?
1499
Calculate the greatest common divisor of 449109 and 359.
359
What is the greatest common divisor of 95766 and 99?
33
Calculate the greatest common factor of 313511 and 121.
121
Calculate the highest common factor of 1107 and 3699.
27
What is the greatest common divisor of 138 and 483?
69
Calculate the highest common divisor of 1648 and 1448.
8
Calculate the highest common factor of 14 and 19516.
14
What is the greatest common factor of 229733 and 259?
259
Calculate the greatest common divisor of 202024 and 88.
8
What is the highest common factor of 264275 and 75?
25
What is the highest common divisor of 150234 and 2352?
294
What is the highest common factor of 7626 and 17546?
62
What is the greatest common divisor of 87 and 47705?
29
Calculate the greatest common divisor of 448 and 23472.
16
What is the highest common factor of 55 and 5570455?
55
Calculate the greatest common factor of 35 and 33355.
35
What is the highest common divisor of 68 and 541382?
34
Calculate the greatest common divisor of 293550 and 38950.
950
Calculate the greatest common divisor of 6025 and 425.
25
Calculate the greatest common factor of 3854 and 6478.
82
What is the greatest common factor of 8 and 309224?
8
Calculate the greatest common divisor of 1656 and 3879.
9
Calculate the greatest common divisor of 39044 and 108.
4
What is the greatest common divisor of 12 and 43968?
12
What is the greatest common factor of 9325 and 3425?
25
Calculate the highest common divisor of 389 and 949160.
389
What is the greatest common factor of 156136 and 2378?
58
What is the greatest common divisor of 179 and 24632906?
179
What is the greatest common factor of 3675 and 1075?
25
Calculate the highest common divisor of 73816 and 8.
8
What is the greatest common factor of 5 and 2115?
5
Calculate the highest common divisor of 6026 and 80434.
262
Calculate the greatest common factor of 115336 and 312.
104
Calculate the highest common divisor of 86367 and 9.
3
What is the highest common factor of 10 and 94970?
10
Calculate the greatest common divisor of 54 and 278694.
54
Calculate the highest common divisor of 147348 and 288.
36
Calculate the greatest common factor of 4356 and 148500.
396
What is the greatest common divisor of 31980 and 75?
15
Calculate the highest common divisor of 1687 and 56.
7
What is the highest common divisor of 749692 and 8?
4
What is the highest common divisor of 29990 and 40?
10
Calculate the highest common factor of 232 and 11808.
8
Calculate the highest common factor of 3206 and 21.
7
Calculate the highest common factor of 225258 and 132.
66
Calculate the greatest common divisor of 1520912 and 912.
304
Calculate the highest common divisor of 2739 and 4067.
83
Calculate the highest common factor of 573 and 1725303.
573
What is the highest common factor of 34063 and 552?
23
Calculate the highest common divisor of 28529 and 376.
47
Calculate the greatest common divisor of 182 and 1981.
7
Calculate the highest common factor of 7992 and 15336.
216
Calculate the highest common factor of 4160 and 82680.
520
Calculate the highest common divisor of 113230 and 268.
134
Calculate the greatest common divisor of 12999 and 21.
21
What is the highest common divisor of 5358 and 30?
6
What is the greatest common divisor of 58014 and 1800?
18
Calculate the greatest common divisor of 1927944 and 216.
72
Calculate the highest common divisor of 1722 and 69126.
246
What is the greatest common divisor of 80 and 132544?
16
Calculate the greatest common divisor of 27465 and 30.
15
What is the greatest common factor of 303 and 87?
3
Calculate the greatest common divisor of 48 and 10936.
8
Calculate the greatest common divisor of 76892 and 27403.
409
Calculate the greatest common factor of 387 and 134019.
9
Calculate the highest common divisor of 781 and 23359.
71
What is the highest common divisor of 920 and 462070?
230
What is the greatest common divisor of 11211 and 888?
111
What is the highest common divisor of 16154 and 5122?
394
Calculate the greatest common divisor of 655535 and 860.
215
Calculate the greatest common divisor of 267685 and 5797.
341
What is the highest common factor of 42826 and 2737?
161
Calculate the highest common factor of 96588 and 72.
36
Calculate the greatest common factor of 2603 and 55896.
137
Calculate the highest common factor of 75502 and 14.
14
Calculate the greatest common divisor of 52 and 431436.
4
Calculate the highest common divisor of 5061 and 21.
21
What is the greatest common factor of 12408 and 94?
94
Calculate the highest common divisor of 1440 and 3531780.
180
What is the greatest common factor of 6048 and 7623?
63
Calculate the greatest common factor of 411455 and 165.
55
Calculate the highest common divisor of 284401 and 8350.
167
What is the highest common factor of 15 and 108975?
15
What is the highest common factor of 2532 and 65621?
211
What is the greatest common factor of 3744 and 5512?
104
Calculate the greatest common factor of 195104 and 26.
26
What is the greatest common factor of 747 and 4377669?
249
Calculate the greatest common factor of 111507 and 25833.
327
What is the greatest common factor of 1311209 and 38?
19
Calculate the highest common factor of 561180 and 398.
398
Calculate the highest common divisor of 266 and 2964.
38
What is the greatest common divisor of 2096 and 131?
131
What is the greatest common factor of 2920 and 1420?
20
What is the highest common factor of 9696 and 11211?
303
Calculate the greatest common factor of 117557 and 33.
11
Calculate the greatest common divisor of 2474 and 74.
2
What is the greatest common divisor of 1342 and 1872761?
671
What is the greatest common divisor of 108108 and 2464?
308
What is the highest common factor of 13910 and 1014?
26
What is the highest common divisor of 160724 and 92?
92
What is the highest common factor of 38 and 32532446?
38
Calculate the highest common divisor of 6347 and 110.
11
What is the highest common factor of 39238 and 253?
23
Calculate the highest common divisor of 262 and 50.
2
What is the greatest common divisor of 4732 and 13384?
28
Calculate the highest common factor of 205842 and 4242.
42
Calculate the greatest common factor of 10305 and 7557.
687
Calculate the highest common divisor of 96 and 2077716.
12
What is the highest common divisor of 49260 and 48?
12
What is the highest common divisor of 259 and 47495?
7
What is the greatest common factor of 113283 and 162?
9
What is the highest common factor of 2262 and 6206?
58
Calculate the highest common divisor of 110 and 770.
110
What is the highest common divisor of 10416 and 1610?
14
Calculate the highest common factor of 288 and 11552.
32
What is the greatest common factor of 378 and 4074?
42
Calculate the greatest common factor of 425 and 616675.
425
Calculate the greatest common divisor of 656 and 273716.
164
What is the greatest common divisor of 21330 and 1026?
54
What is the greatest common factor of 6059440 and 80?
80
What is the greatest common divisor of 4727 and 34556?
163
What is the greatest common divisor of 152453 and 3004?
751
What is the highest common factor of 24366 and 28551?
93
What is the highest common factor of 990 and 1837770?
330
Calculate the highest common divisor of 972 and 948.
12
Calculate the greatest common divisor of 11253 and 3267.
363
What is the greatest common divisor of 7 and 116487?
7
Calculate the highest common factor of 198555 and 35.
35
What is the greatest common divisor of 50 and 346980?
10
What is the greatest common factor of 230747 and 242?
121
Calculate the highest common factor of 20 and 9635.
5
Calculate the gr